 -14 - (1 - 13).
19
Calculate 5 + 7 + -2 + (48 - 52).
6
Evaluate (-5 - -3) + 7 - (-73 + 70) - 24.
-16
12 + (-13 - -3) - 11
-9
Evaluate -8 - (22 + -29 + -1).
0
What is -10 - -1 - (29 - 31)?
-7
Evaluate 30 - (8 - -15) - (13 + 1).
-7
What is the value of 250 - 259 - (14 - -2)?
-25
What is the value of -26 + 1 + 0 + 13 - 18?
-30
-132 + -130 + 269 + -1 + (-20 - 0)
-14
Calculate 20 + (-9 - -2) - -2 - (-2 - -7).
10
What is 44 - 33 - (35 + -1)?
-23
What is the value of 16 + -7 + (-2 - 6) - (0 + 4)?
-3
What is (-3 - 3) + -9 + 10 + 5?
0
Evaluate 4 + 1 + (-6 - (-2 + 8 - 24)).
17
Calculate 5 + -9 + (9 - (6 + -10)) - 7.
2
What is the value of (15 - (-12 - -11)) + 3 + -1 - 5?
13
What is the value of 3 + -3 + -4 - -6 - 2 - -2?
2
32 + -6 - (12 + 29)
-15
Calculate 32 + -27 + -58 + 39.
-14
What is the value of 2 + 2 + -11 + (213 - 216)?
-10
-11 + (-3 - (1 - 0 - 5 - -4))
-14
Calculate 7 + -3 + -7 + 2 + -4 - -8.
3
(2 - (-4 - -21)) + (-4 - -3) + 8
-8
What is the value of 32 + (27 - 30) + -52?
-23
What is 1 + (19 - 9) - 15?
-4
1 + 3 - (13 + (3 - 8 - -2))
-6
What is -10 + 3 + 4 - (0 + (-2 - -1))?
-2
Evaluate -26 + (20 - -2 - (46 - 40)).
-10
Evaluate -5 + 19 - (-1 - 14) - 11.
18
What is (3 - (2 + 7)) + (5 - (-8 + 8))?
-1
What is -10 + -10 + 11 + (29 - 2)?
18
Evaluate (18 - (-16 - -22)) + 3.
15
Evaluate -10 + 3 + 1 + -38 + 41.
-3
Evaluate (4 - 20 - 3) + (-10 - -13).
-16
What is (-5 - -2) + 3 + (4 - (6 + 0))?
-2
What is the value of 14 - 17 - (-12 - 6 - 0)?
15
What is the value of 3693 - 3691 - (7 - (-1 + 3 + -2))?
-5
Evaluate 33 + 6 - (-6 + 10 + 10).
25
19 + -35 + 10 + (1 - -4)
-1
Calculate -14 + 43 - 40 - -1.
-10
Evaluate 7 - (17 - (-14 - -10 - -8)).
-6
What is the value of 15 + -3 + 12 + -20 + 12?
16
Evaluate (-21 - (-14 + 1)) + 22.
14
Evaluate -22 + 16 + 2 - (0 + 9).
-13
Evaluate 6 + -115 + 89 + (0 - -3).
-17
Calculate -31 - (-14 - ((-2 - 3) + 10 - 8)).
-20
0 + 1 + -13 + 2 + 8
-2
15 + (27 - 24) - 26
-8
What is 3 - 2 - (19 + 0) - (-51 - -51)?
-18
4 - (-243 + 249 - (1 + (1 - -3)))
3
What is the value of (4 - -3) + (0 + -18 - (16 + -19))?
-8
What is -4 + 10 - (-5 - (2 - 11))?
2
Calculate -3 + 3 - (-32 + 22) - (-2 - -7).
5
What is the value of (435 - 424) + (3 - 2 - (-1 + -1))?
14
What is 34 + (-23 - -12) + -38?
-15
What is the value of -8 - (-7 + -1 + (-15 - -6)) - -5?
14
What is the value of -5 - -8 - (-52 + 61)?
-6
Calculate (0 - 7) + -12 + (-19 - -45).
7
What is the value of -4 - (3 + (-6 - 8) + 7 + -1)?
1
Calculate -11 + (-7 - (9 - 15 - -1) - -3).
-10
What is the value of (2 - -9) + 3 + -8?
6
-57 - -51 - (-1 + -29)
24
Evaluate (57 - 27) + -27 + (15 - -1).
19
Evaluate 3 - 0 - (4 + -1 + 2).
-2
(-30 + 62 - 46) + -17
-31
Calculate (7 - (3 + -34)) + (5 - 6) + -8.
29
Calculate (-3 - -9) + 4 + (-9 - -3) - 3.
1
What is (5 - 5) + 6 + (-7 - -2) + -5?
-4
Evaluate (14 + 32 - 14) + -21.
11
(-1 - -1) + (89 - 94)
-5
(-11 + -10 + 5 - -1) + -18 + 21
-12
-21 + -65 + 83 + 0 + -10
-13
What is the value of -5 + -4 + 18 + -9 - (-4 + 1)?
3
What is -29 + 49 + (30 - 35)?
15
What is -3 + (9 - 22) + (2 - -7)?
-7
Evaluate -37 + 65 - (1 - 8) - 17.
18
What is the value of (-10 - -17 - 21) + (11 - 18)?
-21
What is 323 + -337 - (-6 - -2 - -2)?
-12
What is the value of (-12 - -3 - -3 - -13) + -1 + 1?
7
-32 + 38 + (6 - -1) - (1 - -6)
6
Evaluate -1 + -14 + 14 + (1 - 6 - 2).
-8
Calculate -37 + 9 + 23 + 44.
39
What is -23 - -2 - (-425 + 399)?
5
Evaluate -4 + -1 + 1 - ((10 - 24) + 1).
9
Calculate -8 + 5 + 3 + -4 + 7.
3
-19 + (-8 - (1 - 6))
-22
Calculate (-12 - -44) + (12 - 30).
14
What is the value of (18 - 1) + (47 - 64) - -11?
11
-26 + 41 + -14 + -15
-14
Evaluate 7 - (-4 + 13 + (-2 - 5)).
5
What is the value of 10 + (3 - 1 - -9 - (93 - 57))?
-15
Evaluate -8 + -26 - (-14 + -5).
-15
Evaluate (7 - (-7 + -2 + (1 - -9))) + -26.
-20
What is 1 - (19 + 2) - -11?
-9
0 - (35 + -18 - 10 - (-2 + -1))
-10
-1 + (12 - 17) + 26
20
Evaluate -123 + 122 + (-1 - 1) + 0.
-3
Evaluate 245 + -214 + -6 + -3.
22
Evaluate -2 + -2 + (-3 - -39) + -15.
17
(-3 - -7) + (-4 - (-8 - -5)) + -5
-2
Evaluate -24 + (-3 - (-31 + 16)) - -16.
4
What is the value of -1 - -1 - (-59 + 29 - -27)?
3
Evaluate (6 - (-2 - -7)) + -4 + -1 + 3.
-1
Evaluate 5 + 1 + (-16 - (1 - (12 - -10))).
11
(11 - 4) + (-3 - (13 + -3)) + 15
9
What is the value of (0 - -1) + 14 + -11 + (-21 - -38)?
21
What is 10 + 2 + -1 + -6 + 8 + 17?
30
0 + 8 + 8 + 13 + -32
-3
What is the value of (-11 - (8 - (-7 - -20) - -1)) + 3?
-4
-4 - (-6 - 6) - (-8 + 32)
-16
What is -33 + 41 - -24 - 17?
15
What is the value of 2 + (11 - 4 - 0)?
9
What is (1 + (-1 - -10) - -9) + -9?
10
What is the value of -16 + 36 + (1 - 0)?
21
Calculate 7 + -40 + (-18 - (-12 - 19)).
-20
Calculate -10 + -14 + 29 + (-8 - -5).
2
Evaluate 7 - (-16 + 22) - -19.
20
What is -14 - (-14 - -3 - 9)?
6
Calculate -53 + 45 + (17 - -1).
10
What is -35 + 28 - (-24 + 0)?
17
What is 0 - -28 - (528 + -494)?
-6
What is the value of (-8 - -1) + (-6 + 4 - (4 - 3))?
-10
What is 4 - 5 - -33 - -4 - 10?
26
-7 + (3 + -5 - -16) + -8 - 8
-9
(43 - (31 - -30)) + (7 - (1 - 2))
-10
Evaluate -32 - (-58 + 58 + -17).
-15
What is the value of -25 - (-41 + 41 + -22)?
-3
5 - (-2 + 3 + -2 + 4) - -16
18
What is 2 + 0 + (20 - 36)?
-14
21 - (11 - (11 - 41))
-20
Calculate -3 + 12 - (20 - 4).
-7
What is the value of (-3 - (5 - (3 + -4))) + (30 - 25)?
-4
What is the value of 4 - (16 + (-4 - 16) - (2 + -9))?
1
Evaluate (-28 - (-1 - -9)) + 11.
-25
Calculate 17 - (4 + 6 - (10 - -4 - 8)).
13
What is the value of 7 + (27 - 17 - (0 + -3 - -2))?
18
What is 8 - 6 - (-4 + 4) - (-3 + 4)?
1
Calculate 0 + -1 + -6 + 6 + -6 + -6.
-13
Calculate 415 + -411 + (-43 - (-4 + 5) - -3).
-37
Calculate (-3 - -4) + -1 - (-9 - (17 + -34)).
-8
Evaluate -16 - (-15 + 28 + -22).
-7
What is the value of 0 + (-11 - (7 - 16 - -4) - 5)?
-11
What is the value of 4 - (-4 + (18 - 16))?
6
Evaluate -25 - (-31 + 14 + 11).
-19
What is the value of -23 + (5 - -9) + -27 + (1 - -7)?
-28
What is -21 + 10 + (-15 - -6) + 7?
-13
What is the value of -16 - -1 - ((14 - 32) + 10)?
-7
Calculate -40 + 77 + 25 - 32.
30
(17 - -29) + -20 + -21
5
-1 + 7 + -2 + 2 + 7
13
What is the value of 2 - (10 + (-10 - 2))?
4
Calculate (21 - -27) + -17 - 26.
5
Calculate (-41 - (-56 - -19)) + -1.
-5
What is the value of -75 + -16 + 84 - (-15 + 0 + 1)?
7
Calculate (-12 + -2 + 2 - (-15 - -10)) + 3.
-4
Evaluate 15 + 20 - 28 - 5.
2
Evaluate 14 - -24 - -22 - 36.
24
Calculate (2 - -10 - 1) + (5 - 6) - 22.
-12
Calculate 8 + 1 + -2 + (37 - (-29 + 74)).
-1
What is -36 - (-24 + 8) - 11?
-31
(-8 - (-1 + 2)) + -20 + 36 + -23
-16
What is the value of -9 - (12 + -6) - -8 - -2?
-5
What is -11 + 0 + 79 + -73 - 0 - 0?
-5
What is -25 + (0 + (1 - 2) - (392 - 399))?
-19
Calculate -1 + -4 + (-37 - -44).
2
Calculate (-6 - 1) + (-107 - -123).
9
-11 - (-21 - -18 - 16)
8
-5 + 16 + -10 + (-2 - 6)
-7
What is (63 + -24 - 49) + -21?
-31
Evaluate -16 - 8 - (-12 - -10) - 5.
-27
13 + -12 + (-15 - -16)
2
Evaluate 0 + -18 + 45 + 22 + -59.
-10
-40 + 65 + -30 - (-1 + -22 + 2)
16
What is the value of 26 + (-22 - -15) + -4?
15
What is -16 + (-28 + 3 - -35)?
-6
What is (-3 - 13 - -1) + (-22 - -29)?
-8
What is (12 - (5 - -5 - 4)) + 0?
6
(26 - -77) + -57 - (17 - -1)
28
What is (8 - -10 - 4) + -12?
2
Evaluate (13 + -13 - -21) + -29.
-8
What is the value of 17 - (-7 + 23 + -18)?
19
Evaluate -1 + (-4 - 7) + (108 - 117).
-21
Calculate 11 - (10 - -3) - (-6 + 5 - 6).
5
Evaluate -9 - (1 + -13 + 15).
-12
Evaluate -5 + (4 - (-8 - 1)) + -4 + -25.
-21
(1 - (2 - 4)) + -2 + -3 + -3
-5
What is (0 - -11) + (1 - -11) + 17 + -4?
36
What is the value of 15 - (5 - (-38 - -22))?
-6
What is (-3 - -7) + (-3 - (16 + -2))?
-13
Evaluate 6 - 3 - -4 - (10 + -6 - 9).
12
Calculate -1 + -2 + (-9 - -16) - (7 + 2).
-5
What is the value of 8 - (5 + (57 + -64 - (-1 + 6)))?
15
Evaluate (2 - 0 - (-40 - -36)) + 1 + 2.
9
What is (45 - 2 - 76) + 47?
14
What is the value of -11 + (42 - (2 + 1 + 6))?
22
What is 0 + -7 - (-38 - (19 + -77))?
-27
What is (1 - (2 - 8 - -8)) + 4?
3
6 - (-3 - -4) - 4 - (-7 + 8)
0
What is the value of -18 + (-1 + 30 - (-30 - -38))?
3
Evaluate 6 + 3 - (-13 + 10 - 1 - -10).
3
Evaluate -7 + 5 + (-26 - -21 - (5 + -2)).
-10
What is 36 - (17 + -4) - 9?
14
Evaluate (-1 - 0) + (13 - (-11 + 11 + 9)).
3
-1 - (4 - 9 - 16)
20
What is 0 - (0 + -2) - (39 + -17 - 27)?
7
Evaluate 24 + -6 